{"id":223,"date":"2009-10-14T09:07:00","date_gmt":"2009-10-14T16:07:00","guid":{"rendered":"http:\/\/www.imageneseidentidades.com\/?page_id=3"},"modified":"2019-06-18T16:03:21","modified_gmt":"2019-06-18T16:03:21","slug":"sobre-sebastian-guerrini","status":"publish","type":"page","link":"https:\/\/sebastianguerrini.com\/esp\/sobre-sebastian-guerrini\/","title":{"rendered":"Acerca"},"content":{"rendered":"\n<h2>Pensamientos<\/h2>\n\n\n\n<p>Pensamientos es el espacio de exploraci\u00f3n de Sebasti\u00e1n Guerrini sobre cuestiones de las im\u00e1genes, identidades y dise\u00f1o. Esta exploraci\u00f3n se realiza a trav\u00e9s de su intento de descifrar los aspectos m\u00e1s profundos que involucran cada una de estas \u00e1reas. As\u00ed, cuestiones sobre psicolog\u00eda, antropolog\u00eda, sociolog\u00eda y pol\u00edtica de la imagen surgen desde sus escritos.<\/p>\n\n\n\n<p>La mayor\u00eda de los temas que se tratan se basan en la tesis doctoral de Sebasti\u00e1n Guerrini en Comunicaci\u00f3n y Estudios de la imagen. Al igual que en su tesis, el objetivo principal es entender la vida social y pol\u00edtica de las im\u00e1genes y el dise\u00f1o, y su impacto en la identidad personal y colectiva.<\/p>\n\n\n\n<p>En paralelo a la exploraci\u00f3n conceptual que ya se ha mencionado, los mismos temas son abordados a trav\u00e9s de dibujos hechos por \u00e9l, los que tambi\u00e9n tienen como intenci\u00f3n captar la esencia de cada tema, pero desde un plano m\u00e1s sensible.<\/p>\n\n\n\n<div style=\"height:100px\" aria-hidden=\"true\" class=\"wp-block-spacer\"><\/div>\n\n\n\n<h3>Sobre Sebasti\u00e1n Guerrini<\/h3>\n\n\n\n<p><strong>Sebasti\u00e1n Guerrini es Dise\u00f1ador en Comunicaci\u00f3n Visual y Doctor en Comunicaci\u00f3n y Estudios de la Imagen (Universidad de Kent, Inglaterra).<\/strong><\/p>\n\n\n\n<p>Naci\u00f3 en Argentina en 1965. Desde hace 20 a\u00f1os dise\u00f1a marcas e identidades y es consultor sobre imagen y comunicaci\u00f3n. En este tiempo, ha trabajado en 26 pa\u00edses, tanto en Am\u00e9rica Latina como en Estados Unidos, Espa\u00f1a, Portugal, Italia, B\u00e9gica, Irlanda, Inglaterra, Islandia, Dinamarca, Suiza, Alemania, Rusia, Emiratos \u00c1rabes, Turqu\u00eda o China.<\/p>\n\n\n\n<p>En 2008 gana el concurso internacional para el dise\u00f1o de la imagen y comunicaciones de la Organic World Foundation (Alemania). En Argentina, en 2009 gan\u00f3 el concurso para el dise\u00f1o de slogan y marca del Pabell\u00f3n Argentino de la Feria del Libro de Frankfurt, donde Argentina fue en 2010 pa\u00eds anfitri\u00f3n. En 2013 gana el concurso para asesorar a la Alianza Internacional de las Cooperativas (ICA) para el dise\u00f1o de la nueva marca del Movimiento Mundial del Cooperativismo (Londres- Ginebra).<\/p>\n\n\n\n<p>Ha trabajado para organizaciones internacionales como Amnist\u00eda Internacional, UNICEF, UNESCO, CLACSO, Naciones Unidas, IFOAM, MAPO, GBC Espa\u00f1a y OPS. Desde su estudio ha dise\u00f1ado las comunicaciones de empresas, productos, universidades, escuelas y sus respectivas aplicaciones de identidad.<\/p>\n\n\n\n<p>Autor de la versi\u00f3n gr\u00e1fica del escudo nacional argentino actualmente en uso, Guerrini dise\u00f1\u00f3, adem\u00e1s, la marca del CONICET, la imagen del Museo Argentino de Ciencias Naturales y la identidad visual de la Presidencia de la Naci\u00f3n, ministerios y secretar\u00edas de estado.<br>\nEn Argentina, en 1997 dise\u00f1\u00f3 la marca y la campa\u00f1a electoral de la agrupaci\u00f3n Alianza que triunf\u00f3 en dichas elecciones. Asimismo, en el 2009, 2011, 2013 y 2015 dise\u00f1\u00f3 las identidades visuales del FIBA (el Festival Internacional de Teatro de Buenos Aires).<\/p>\n\n\n\n<p>Es docente y tutor de estudiantes en la Maestr\u00eda Universitaria de Dise\u00f1o y Comunicaci\u00f3n de la Escola Elisava, y dicta seminarios en maestr\u00edas de dise\u00f1o de Blanquerna y el Instituto Europeo de Dise\u00f1o (Barcelona, Espa\u00f1a).<\/p>\n\n\n\n<p>Art\u00edculos sobre su trabajo figuran en medios especializados de M\u00e9xico, Estados Unidos, Canad\u00e1, Sud\u00e1frica, Jap\u00f3n, China, Australia, Inglaterra, Italia y Alemania. Escritos suyos han sido publicados por ICOGRADA y AIGA.<\/p>\n\n\n\n<p>Asimismo, ha dado cursos de Postgrado, Seminarios y Conferencias tanto en el pa\u00eds como en Rusia, Italia, Espa\u00f1a, Ecuador, Guatemala, Argentina, Chile y M\u00e9xico.<\/p>\n\n\n\n<p>Art\u00edculos sobre su trabajo figuran en medios especializados de Estados Unidos, Canad\u00e1, Jap\u00f3n, Rusia, China, M\u00e9xico, Inglaterra y Alemania.<\/p>\n","protected":false},"excerpt":{"rendered":"<p>Pensamientos Pensamientos es el espacio de exploraci\u00f3n de Sebasti\u00e1n Guerrini sobre cuestiones de las im\u00e1genes, identidades y dise\u00f1o. Esta exploraci\u00f3n se realiza a trav\u00e9s de su intento de descifrar los aspectos m\u00e1s profundos que involucran cada una de estas \u00e1reas. As\u00ed, cuestiones sobre psicolog\u00eda, antropolog\u00eda, sociolog\u00eda y pol\u00edtica de la imagen surgen desde sus escritos. [&hellip;]<\/p>\n","protected":false},"author":1,"featured_media":1098,"parent":0,"menu_order":0,"comment_status":"open","ping_status":"open","template":"","meta":[],"yoast_head":"<!-- This site is optimized with the Yoast SEO plugin v19.3 - https:\/\/yoast.com\/wordpress\/plugins\/seo\/ -->\n<title>Acerca - Sebasti\u00e1n Guerrini<\/title>\n<meta name=\"robots\" content=\"index, follow, max-snippet:-1, max-image-preview:large, max-video-preview:-1\" \/>\n<link rel=\"canonical\" href=\"https:\/\/sebastianguerrini.com\/esp\/sobre-sebastian-guerrini\/\" \/>\n<meta property=\"og:locale\" content=\"es_ES\" \/>\n<meta property=\"og:type\" content=\"article\" \/>\n<meta property=\"og:title\" content=\"Acerca - Sebasti\u00e1n Guerrini\" \/>\n<meta property=\"og:description\" content=\"Pensamientos Pensamientos es el espacio de exploraci\u00f3n de Sebasti\u00e1n Guerrini sobre cuestiones de las im\u00e1genes, identidades y dise\u00f1o. Esta exploraci\u00f3n se realiza a trav\u00e9s de su intento de descifrar los aspectos m\u00e1s profundos que involucran cada una de estas \u00e1reas. As\u00ed, cuestiones sobre psicolog\u00eda, antropolog\u00eda, sociolog\u00eda y pol\u00edtica de la imagen surgen desde sus escritos. [&hellip;]\" \/>\n<meta property=\"og:url\" content=\"https:\/\/sebastianguerrini.com\/esp\/sobre-sebastian-guerrini\/\" \/>\n<meta property=\"og:site_name\" content=\"Sebasti\u00e1n Guerrini\" \/>\n<meta property=\"article:modified_time\" content=\"2019-06-18T16:03:21+00:00\" \/>\n<meta property=\"og:image\" content=\"https:\/\/sebastianguerrini.com\/esp\/wp-content\/Sebastian-Guerrini1.jpg\" \/>\n\t<meta property=\"og:image:width\" content=\"757\" \/>\n\t<meta property=\"og:image:height\" content=\"279\" \/>\n\t<meta property=\"og:image:type\" content=\"image\/jpeg\" \/>\n<meta name=\"twitter:card\" content=\"summary_large_image\" \/>\n<meta name=\"twitter:label1\" content=\"Tiempo de lectura\" \/>\n\t<meta name=\"twitter:data1\" content=\"3 minutos\" \/>\n<script type=\"application\/ld+json\" class=\"yoast-schema-graph\">{\"@context\":\"https:\/\/schema.org\",\"@graph\":[{\"@type\":\"Organization\",\"@id\":\"https:\/\/sebastianguerrini.com\/esp\/#organization\",\"name\":\"Sebasti\u00e1n Guerrini\",\"url\":\"https:\/\/sebastianguerrini.com\/esp\/\",\"sameAs\":[],\"logo\":{\"@type\":\"ImageObject\",\"inLanguage\":\"es\",\"@id\":\"https:\/\/sebastianguerrini.com\/esp\/#\/schema\/logo\/image\/\",\"url\":\"https:\/\/sebastianguerrini.com\/esp\/wp-content\/icono-g.png\",\"contentUrl\":\"https:\/\/sebastianguerrini.com\/esp\/wp-content\/icono-g.png\",\"width\":79,\"height\":93,\"caption\":\"Sebasti\u00e1n Guerrini\"},\"image\":{\"@id\":\"https:\/\/sebastianguerrini.com\/esp\/#\/schema\/logo\/image\/\"}},{\"@type\":\"WebSite\",\"@id\":\"https:\/\/sebastianguerrini.com\/esp\/#website\",\"url\":\"https:\/\/sebastianguerrini.com\/esp\/\",\"name\":\"Sebasti\u00e1n Guerrini\",\"description\":\"Pensamientos sobre Im\u00e1genes, Identidades y Dise\u00f1o\",\"publisher\":{\"@id\":\"https:\/\/sebastianguerrini.com\/esp\/#organization\"},\"potentialAction\":[{\"@type\":\"SearchAction\",\"target\":{\"@type\":\"EntryPoint\",\"urlTemplate\":\"https:\/\/sebastianguerrini.com\/esp\/?s={search_term_string}\"},\"query-input\":\"required name=search_term_string\"}],\"inLanguage\":\"es\"},{\"@type\":\"ImageObject\",\"inLanguage\":\"es\",\"@id\":\"https:\/\/sebastianguerrini.com\/esp\/sobre-sebastian-guerrini\/#primaryimage\",\"url\":\"https:\/\/sebastianguerrini.com\/esp\/wp-content\/Sebastian-Guerrini1.jpg\",\"contentUrl\":\"https:\/\/sebastianguerrini.com\/esp\/wp-content\/Sebastian-Guerrini1.jpg\",\"width\":757,\"height\":279},{\"@type\":\"WebPage\",\"@id\":\"https:\/\/sebastianguerrini.com\/esp\/sobre-sebastian-guerrini\/\",\"url\":\"https:\/\/sebastianguerrini.com\/esp\/sobre-sebastian-guerrini\/\",\"name\":\"Acerca - Sebasti\u00e1n Guerrini\",\"isPartOf\":{\"@id\":\"https:\/\/sebastianguerrini.com\/esp\/#website\"},\"primaryImageOfPage\":{\"@id\":\"https:\/\/sebastianguerrini.com\/esp\/sobre-sebastian-guerrini\/#primaryimage\"},\"datePublished\":\"2009-10-14T16:07:00+00:00\",\"dateModified\":\"2019-06-18T16:03:21+00:00\",\"breadcrumb\":{\"@id\":\"https:\/\/sebastianguerrini.com\/esp\/sobre-sebastian-guerrini\/#breadcrumb\"},\"inLanguage\":\"es\",\"potentialAction\":[{\"@type\":\"ReadAction\",\"target\":[\"https:\/\/sebastianguerrini.com\/esp\/sobre-sebastian-guerrini\/\"]}]},{\"@type\":\"BreadcrumbList\",\"@id\":\"https:\/\/sebastianguerrini.com\/esp\/sobre-sebastian-guerrini\/#breadcrumb\",\"itemListElement\":[{\"@type\":\"ListItem\",\"position\":1,\"name\":\"Portada\",\"item\":\"https:\/\/sebastianguerrini.com\/esp\/\"},{\"@type\":\"ListItem\",\"position\":2,\"name\":\"Acerca\"}]}]}<\/script>\n<!-- \/ Yoast SEO plugin. -->","yoast_head_json":{"title":"Acerca - Sebasti\u00e1n Guerrini","robots":{"index":"index","follow":"follow","max-snippet":"max-snippet:-1","max-image-preview":"max-image-preview:large","max-video-preview":"max-video-preview:-1"},"canonical":"https:\/\/sebastianguerrini.com\/esp\/sobre-sebastian-guerrini\/","og_locale":"es_ES","og_type":"article","og_title":"Acerca - Sebasti\u00e1n Guerrini","og_description":"Pensamientos Pensamientos es el espacio de exploraci\u00f3n de Sebasti\u00e1n Guerrini sobre cuestiones de las im\u00e1genes, identidades y dise\u00f1o. Esta exploraci\u00f3n se realiza a trav\u00e9s de su intento de descifrar los aspectos m\u00e1s profundos que involucran cada una de estas \u00e1reas. As\u00ed, cuestiones sobre psicolog\u00eda, antropolog\u00eda, sociolog\u00eda y pol\u00edtica de la imagen surgen desde sus escritos. [&hellip;]","og_url":"https:\/\/sebastianguerrini.com\/esp\/sobre-sebastian-guerrini\/","og_site_name":"Sebasti\u00e1n Guerrini","article_modified_time":"2019-06-18T16:03:21+00:00","og_image":[{"width":757,"height":279,"url":"https:\/\/sebastianguerrini.com\/esp\/wp-content\/Sebastian-Guerrini1.jpg","type":"image\/jpeg"}],"twitter_card":"summary_large_image","twitter_misc":{"Tiempo de lectura":"3 minutos"},"schema":{"@context":"https:\/\/schema.org","@graph":[{"@type":"Organization","@id":"https:\/\/sebastianguerrini.com\/esp\/#organization","name":"Sebasti\u00e1n Guerrini","url":"https:\/\/sebastianguerrini.com\/esp\/","sameAs":[],"logo":{"@type":"ImageObject","inLanguage":"es","@id":"https:\/\/sebastianguerrini.com\/esp\/#\/schema\/logo\/image\/","url":"https:\/\/sebastianguerrini.com\/esp\/wp-content\/icono-g.png","contentUrl":"https:\/\/sebastianguerrini.com\/esp\/wp-content\/icono-g.png","width":79,"height":93,"caption":"Sebasti\u00e1n Guerrini"},"image":{"@id":"https:\/\/sebastianguerrini.com\/esp\/#\/schema\/logo\/image\/"}},{"@type":"WebSite","@id":"https:\/\/sebastianguerrini.com\/esp\/#website","url":"https:\/\/sebastianguerrini.com\/esp\/","name":"Sebasti\u00e1n Guerrini","description":"Pensamientos sobre Im\u00e1genes, Identidades y Dise\u00f1o","publisher":{"@id":"https:\/\/sebastianguerrini.com\/esp\/#organization"},"potentialAction":[{"@type":"SearchAction","target":{"@type":"EntryPoint","urlTemplate":"https:\/\/sebastianguerrini.com\/esp\/?s={search_term_string}"},"query-input":"required name=search_term_string"}],"inLanguage":"es"},{"@type":"ImageObject","inLanguage":"es","@id":"https:\/\/sebastianguerrini.com\/esp\/sobre-sebastian-guerrini\/#primaryimage","url":"https:\/\/sebastianguerrini.com\/esp\/wp-content\/Sebastian-Guerrini1.jpg","contentUrl":"https:\/\/sebastianguerrini.com\/esp\/wp-content\/Sebastian-Guerrini1.jpg","width":757,"height":279},{"@type":"WebPage","@id":"https:\/\/sebastianguerrini.com\/esp\/sobre-sebastian-guerrini\/","url":"https:\/\/sebastianguerrini.com\/esp\/sobre-sebastian-guerrini\/","name":"Acerca - Sebasti\u00e1n Guerrini","isPartOf":{"@id":"https:\/\/sebastianguerrini.com\/esp\/#website"},"primaryImageOfPage":{"@id":"https:\/\/sebastianguerrini.com\/esp\/sobre-sebastian-guerrini\/#primaryimage"},"datePublished":"2009-10-14T16:07:00+00:00","dateModified":"2019-06-18T16:03:21+00:00","breadcrumb":{"@id":"https:\/\/sebastianguerrini.com\/esp\/sobre-sebastian-guerrini\/#breadcrumb"},"inLanguage":"es","potentialAction":[{"@type":"ReadAction","target":["https:\/\/sebastianguerrini.com\/esp\/sobre-sebastian-guerrini\/"]}]},{"@type":"BreadcrumbList","@id":"https:\/\/sebastianguerrini.com\/esp\/sobre-sebastian-guerrini\/#breadcrumb","itemListElement":[{"@type":"ListItem","position":1,"name":"Portada","item":"https:\/\/sebastianguerrini.com\/esp\/"},{"@type":"ListItem","position":2,"name":"Acerca"}]}]}},"_links":{"self":[{"href":"https:\/\/sebastianguerrini.com\/esp\/wp-json\/wp\/v2\/pages\/223"}],"collection":[{"href":"https:\/\/sebastianguerrini.com\/esp\/wp-json\/wp\/v2\/pages"}],"about":[{"href":"https:\/\/sebastianguerrini.com\/esp\/wp-json\/wp\/v2\/types\/page"}],"author":[{"embeddable":true,"href":"https:\/\/sebastianguerrini.com\/esp\/wp-json\/wp\/v2\/users\/1"}],"replies":[{"embeddable":true,"href":"https:\/\/sebastianguerrini.com\/esp\/wp-json\/wp\/v2\/comments?post=223"}],"version-history":[{"count":10,"href":"https:\/\/sebastianguerrini.com\/esp\/wp-json\/wp\/v2\/pages\/223\/revisions"}],"predecessor-version":[{"id":1352,"href":"https:\/\/sebastianguerrini.com\/esp\/wp-json\/wp\/v2\/pages\/223\/revisions\/1352"}],"wp:featuredmedia":[{"embeddable":true,"href":"https:\/\/sebastianguerrini.com\/esp\/wp-json\/wp\/v2\/media\/1098"}],"wp:attachment":[{"href":"https:\/\/sebastianguerrini.com\/esp\/wp-json\/wp\/v2\/media?parent=223"}],"curies":[{"name":"wp","href":"https:\/\/api.w.org\/{rel}","templated":true}]}}